{"id":4499,"date":"2026-04-28T17:17:02","date_gmt":"2026-04-28T15:17:02","guid":{"rendered":"https:\/\/cifalmalaga.org\/?page_id=4499"},"modified":"2026-04-29T21:53:09","modified_gmt":"2026-04-29T19:53:09","slug":"concurso-videopodcast","status":"publish","type":"page","link":"https:\/\/cifalmalaga.org\/en\/concurso-videopodcast\/","title":{"rendered":"Concurso videop\u00f3dcast"},"content":{"rendered":"<div class=\"fusion-fullwidth fullwidth-box fusion-builder-row-1 fusion-flex-container nonhundred-percent-fullwidth non-hundred-percent-height-scrolling\" style=\"--awb-border-radius-top-left:0px;--awb-border-radius-top-right:0px;--awb-border-radius-bottom-right:0px;--awb-border-radius-bottom-left:0px;--awb-flex-wrap:wrap;\" ><div class=\"fusion-builder-row fusion-row fusion-flex-align-items-flex-start fusion-flex-content-wrap\" style=\"max-width:1664px;margin-left: calc(-4% \/ 2 );margin-right: calc(-4% \/ 2 );\"><div class=\"fusion-layout-column fusion_builder_column fusion-builder-column-0 fusion_builder_column_1_1 1_1 fusion-flex-column\" style=\"--awb-bg-size:cover;--awb-width-large:100%;--awb-margin-top-large:0px;--awb-spacing-right-large:1.92%;--awb-margin-bottom-large:0px;--awb-spacing-left-large:1.92%;--awb-width-medium:100%;--awb-spacing-right-medium:1.92%;--awb-spacing-left-medium:1.92%;--awb-width-small:100%;--awb-spacing-right-small:1.92%;--awb-spacing-left-small:1.92%;\"><div class=\"fusion-column-wrapper fusion-flex-justify-content-flex-start fusion-content-layout-column\"><div class=\"fusion-text fusion-text-1\"><p><img decoding=\"async\" class=\"alignnone size-full wp-image-4516\" src=\"https:\/\/cifalmalaga.org\/wp-content\/uploads\/2026\/04\/ConcursoVideopodcast-ConectaSinViolencia-CartelPropuesta1-v0.3.jpg\" alt=\"\" width=\"1280\" height=\"720\" srcset=\"https:\/\/cifalmalaga.org\/wp-content\/uploads\/2026\/04\/ConcursoVideopodcast-ConectaSinViolencia-CartelPropuesta1-v0.3-18x10.jpg 18w, https:\/\/cifalmalaga.org\/wp-content\/uploads\/2026\/04\/ConcursoVideopodcast-ConectaSinViolencia-CartelPropuesta1-v0.3-200x113.jpg 200w, https:\/\/cifalmalaga.org\/wp-content\/uploads\/2026\/04\/ConcursoVideopodcast-ConectaSinViolencia-CartelPropuesta1-v0.3-300x169.jpg 300w, https:\/\/cifalmalaga.org\/wp-content\/uploads\/2026\/04\/ConcursoVideopodcast-ConectaSinViolencia-CartelPropuesta1-v0.3-400x225.jpg 400w, https:\/\/cifalmalaga.org\/wp-content\/uploads\/2026\/04\/ConcursoVideopodcast-ConectaSinViolencia-CartelPropuesta1-v0.3-600x338.jpg 600w, https:\/\/cifalmalaga.org\/wp-content\/uploads\/2026\/04\/ConcursoVideopodcast-ConectaSinViolencia-CartelPropuesta1-v0.3-768x432.jpg 768w, https:\/\/cifalmalaga.org\/wp-content\/uploads\/2026\/04\/ConcursoVideopodcast-ConectaSinViolencia-CartelPropuesta1-v0.3-800x450.jpg 800w, https:\/\/cifalmalaga.org\/wp-content\/uploads\/2026\/04\/ConcursoVideopodcast-ConectaSinViolencia-CartelPropuesta1-v0.3-1024x576.jpg 1024w, https:\/\/cifalmalaga.org\/wp-content\/uploads\/2026\/04\/ConcursoVideopodcast-ConectaSinViolencia-CartelPropuesta1-v0.3-1200x675.jpg 1200w, https:\/\/cifalmalaga.org\/wp-content\/uploads\/2026\/04\/ConcursoVideopodcast-ConectaSinViolencia-CartelPropuesta1-v0.3.jpg 1280w\" sizes=\"(max-width: 1280px) 100vw, 1280px\" \/><\/p>\n<h1><span style=\"color: #009bd9;\"><strong>\u00a1Participa en el I Concurso de Vi<\/strong><strong>deop\u00f3dcast #ConectaSinViolencia!<\/strong><\/span><\/h1>\n<h2><span style=\"color: #009bd9;\"><strong>\u00bfTienes algo que decir sobre la paz y la convivencia?\u00a0<\/strong><\/span><\/h2>\n<h2><span style=\"color: #d3a349;\"><strong>\u00a1Es tu momento de alzar la voz!<\/strong><\/span><\/h2>\n<p>Desde CIFAL M\u00e1laga-UNITAR, en colaboraci\u00f3n con el Ayuntamiento de M\u00e1laga, lanzamos el primer concurso de videopodcast dise\u00f1ado por y para j\u00f3venes que creen en un mundo sin violencia. Estamos a pocos a\u00f1os de alcanzar la meta de la Agenda 2030 y necesitamos tu creatividad para impulsar el ODS 16: Paz, Justicia e Instituciones S\u00f3lidas.<\/p>\n<h2><span style=\"color: #009bd9;\"><strong>\u00bfEn qu\u00e9 consiste?<\/strong><\/span><\/h2>\n<p>Buscamos piezas de <strong>videop\u00f3dcast<\/strong> (audio + imagen) de entre <strong>3 y 6 minutos<\/strong> de duraci\u00f3n. El tema central es la <strong>No Violencia<\/strong>: c\u00f3mo aplicarla en tu d\u00eda a d\u00eda, en los conflictos sociales o en la convivencia entre diferentes culturas.<\/p>\n<h2><span style=\"color: #009bd9;\"><strong>\u00bfQui\u00e9nes pueden participar?<\/strong><\/span><\/h2>\n<p>Si eres estudiante de Secundaria, Bachillerato o Formaci\u00f3n Profesional (FP) en cualquier centro de la ciudad de M\u00e1laga, \u00a1este concurso es para ti!<\/p>\n<p>Puedes presentarte individualmente o en grupos de hasta cuatro participantes, ya sea por libre o representando a tu centro educativo.<\/p>\n<h2><span style=\"color: #009bd9;\"><strong>\u00bfPor qu\u00e9 unirte?<\/strong><\/span><\/h2>\n<ul>\n<li><span style=\"color: #d3a349;\"><strong>Impacto Social:<\/strong><\/span> Tu mensaje ayudar\u00e1 a sensibilizar a otros j\u00f3venes sobre la importancia de la cultura de paz.<\/li>\n<li><strong><span style=\"color: #d3a349;\">Reconocimiento<\/span>:<\/strong> Los tres mejores trabajos recibir\u00e1n un premio valorado en <strong>150 euros<\/strong> cada uno, a trav\u00e9s de una tarjeta canjeable por material educativo, libros o art\u00edculos t\u00e9cnicos en establecimientos especializados, los cuales se entregar\u00e1n en un evento conmemorativo a realizarse el <strong>30 de septiembre de 2026<\/strong>.<\/li>\n<li><span style=\"color: #d3a349;\"><strong>Visibilidad:<\/strong><\/span> Los v\u00eddeos seleccionados ser\u00e1n proyectados en un teatro de la ciudad ante expertos en educaci\u00f3n, cultura y medios de comunicaci\u00f3n.<\/li>\n<\/ul>\n<h2><span style=\"color: #009bd9;\"><strong>Pasos para inscribirte<\/strong><\/span><\/h2>\n<p><span style=\"color: #d3a349;\"><strong>Consulta las reglas:<\/strong><\/span> Es fundamental que conozcas los detalles t\u00e9cnicos y los criterios que valorar\u00e1 nuestro jurado multidisciplinar.<\/p>\n<p>Puedes consultar las Bases en este enlace: <span style=\"color: #009bd9;\"><a style=\"color: #009bd9;\" href=\"https:\/\/cifalmalaga.org\/wp-content\/uploads\/2026\/04\/ConcursoVideopodcast-ConectaSinViolencia-Bases-v0.4.pdf\" target=\"_blank\" rel=\"noopener\"><strong>Bases<\/strong><\/a><\/span><\/p>\n<ol>\n<li><span style=\"color: #d3a349;\"><strong>Inscr\u00edbete:<\/strong> <\/span>Para formalizar tu participaci\u00f3n, deber\u00e1s completar uno de los siguientes formularios de Google hasta el 15 de agosto:\n<ul>\n<li>Enlace a las inscripciones de grupos o participantes en representaci\u00f3n de centros educativos: <a href=\"https:\/\/forms.gle\/ieY5UXFHG5Hv4Zuv9\" target=\"_blank\" rel=\"noopener\">https:\/\/forms.gle\/ieY5UXFHG5Hv4Zuv9<\/a><\/li>\n<li>Enlace a las inscripciones de grupos o participantes por libre: <a href=\"https:\/\/forms.gle\/NdD8tHs7qYkb6Rya8\" target=\"_blank\" rel=\"noopener\">https:\/\/forms.gle\/t2QSvWnHyBsL8V3W8<\/a>.<br \/>\n<a href=\"https:\/\/cifalmalaga.org\/wp-content\/uploads\/2026\/04\/Anexo-1.pdf\" target=\"_blank\" rel=\"noopener\">Anexo 1<\/a> (autorizaci\u00f3n de padres de menores), descargar, rellenar y enviar al mail: <span style=\"color: #009bd9;\"><strong>info@cifalmalaga.org<\/strong><\/span><\/li>\n<\/ul>\n<\/li>\n<li><span style=\"color: #d3a349;\"><strong>Prepara tu material:<\/strong><\/span> Tienes desde mayo hasta el <span style=\"color: #000000;\"><strong>15 de septiembre de 2026 a las 23:59<\/strong><\/span> horas para enviarnos tu propuesta.<\/li>\n<li><span style=\"color: #d3a349;\"><strong>Env\u00edanos tu videop\u00f3dcast:<\/strong><\/span> mediante un archivo de v\u00eddeo (mp4) o un enlace de YouTube o Vimeo a la direcci\u00f3n de correo: <span style=\"color: #009bd9;\"><strong>info@cifalmalaga.org<\/strong><\/span><\/li>\n<\/ol>\n<p><span style=\"color: #d3a349;\"><strong>Recuerda:<\/strong> <\/span>El futuro se construye con di\u00e1logo y participaci\u00f3n. \u00a1Esperamos tu propuesta para conectar sin violencia!<\/p>\n<\/div><\/div><\/div><\/div><\/div>","protected":false},"excerpt":{"rendered":"","protected":false},"author":2,"featured_media":0,"parent":0,"menu_order":0,"comment_status":"closed","ping_status":"closed","template":"","meta":{"footnotes":""},"class_list":["post-4499","page","type-page","status-publish","hentry"],"_links":{"self":[{"href":"https:\/\/cifalmalaga.org\/en\/wp-json\/wp\/v2\/pages\/4499","targetHints":{"allow":["GET"]}}],"collection":[{"href":"https:\/\/cifalmalaga.org\/en\/wp-json\/wp\/v2\/pages"}],"about":[{"href":"https:\/\/cifalmalaga.org\/en\/wp-json\/wp\/v2\/types\/page"}],"author":[{"embeddable":true,"href":"https:\/\/cifalmalaga.org\/en\/wp-json\/wp\/v2\/users\/2"}],"replies":[{"embeddable":true,"href":"https:\/\/cifalmalaga.org\/en\/wp-json\/wp\/v2\/comments?post=4499"}],"version-history":[{"count":15,"href":"https:\/\/cifalmalaga.org\/en\/wp-json\/wp\/v2\/pages\/4499\/revisions"}],"predecessor-version":[{"id":4528,"href":"https:\/\/cifalmalaga.org\/en\/wp-json\/wp\/v2\/pages\/4499\/revisions\/4528"}],"wp:attachment":[{"href":"https:\/\/cifalmalaga.org\/en\/wp-json\/wp\/v2\/media?parent=4499"}],"curies":[{"name":"wp","href":"https:\/\/api.w.org\/{rel}","templated":true}]}}

Concurso videopódcast

<div class="fusion-fullwidth fullwidth-box fusion-builder-row-1 fusion-flex-container nonhundred-percent-fullwidth non-hundred-percent-height-scrolling" style="--awb-border-radius-top-left:0px;--awb-border-radius-top-right:0px;--awb-border-radius-bottom-right:0px;--awb-border-radius-bottom-left:0px;--awb-flex-wrap:wrap;" ><div class="fusion-builder-row fusion-row fusion-flex-align-items-flex-start fusion-flex-content-wrap" style="max-width:1664px;margin-left: calc(-4% / 2 );margin-right: calc(-4% / 2 );"><div class="fusion-layout-column fusion_builder_column fusion-builder-column-0 fusion_builder_column_1_1 1_1 fusion-flex-column" style="--awb-bg-size:cover;--awb-width-large:100%;--awb-margin-top-large:0px;--awb-spacing-right-large:1.92%;--awb-margin-bottom-large:0px;--awb-spacing-left-large:1.92%;--awb-width-medium:100%;--awb-spacing-right-medium:1.92%;--awb-spacing-left-medium:1.92%;--awb-width-small:100%;--awb-spacing-right-small:1.92%;--awb-spacing-left-small:1.92%;"><div class="fusion-column-wrapper fusion-flex-justify-content-flex-start fusion-content-layout-column"><div class="fusion-text fusion-text-1"><p><img decoding="async" class="alignnone size-full wp-image-4516" src="https://cifalmalaga.org/wp-content/uploads/2026/04/ConcursoVideopodcast-ConectaSinViolencia-CartelPropuesta1-v0.3.jpg" alt="" width="1280" height="720" srcset="https://cifalmalaga.org/wp-content/uploads/2026/04/ConcursoVideopodcast-ConectaSinViolencia-CartelPropuesta1-v0.3-18x10.jpg 18w, https://cifalmalaga.org/wp-content/uploads/2026/04/ConcursoVideopodcast-ConectaSinViolencia-CartelPropuesta1-v0.3-200x113.jpg 200w, https://cifalmalaga.org/wp-content/uploads/2026/04/ConcursoVideopodcast-ConectaSinViolencia-CartelPropuesta1-v0.3-300x169.jpg 300w, https://cifalmalaga.org/wp-content/uploads/2026/04/ConcursoVideopodcast-ConectaSinViolencia-CartelPropuesta1-v0.3-400x225.jpg 400w, https://cifalmalaga.org/wp-content/uploads/2026/04/ConcursoVideopodcast-ConectaSinViolencia-CartelPropuesta1-v0.3-600x338.jpg 600w, https://cifalmalaga.org/wp-content/uploads/2026/04/ConcursoVideopodcast-ConectaSinViolencia-CartelPropuesta1-v0.3-768x432.jpg 768w, https://cifalmalaga.org/wp-content/uploads/2026/04/ConcursoVideopodcast-ConectaSinViolencia-CartelPropuesta1-v0.3-800x450.jpg 800w, https://cifalmalaga.org/wp-content/uploads/2026/04/ConcursoVideopodcast-ConectaSinViolencia-CartelPropuesta1-v0.3-1024x576.jpg 1024w, https://cifalmalaga.org/wp-content/uploads/2026/04/ConcursoVideopodcast-ConectaSinViolencia-CartelPropuesta1-v0.3-1200x675.jpg 1200w, https://cifalmalaga.org/wp-content/uploads/2026/04/ConcursoVideopodcast-ConectaSinViolencia-CartelPropuesta1-v0.3.jpg 1280w" sizes="(max-width: 1280px) 100vw, 1280px" /></p>
<h1><span style="color: #009bd9;"><strong>¡Participa en el I Concurso de Vi</strong><strong>deopódcast #ConectaSinViolencia!</strong></span></h1>
<h2><span style="color: #009bd9;"><strong>¿Tienes algo que decir sobre la paz y la convivencia? </strong></span></h2>
<h2><span style="color: #d3a349;"><strong>¡Es tu momento de alzar la voz!</strong></span></h2>
<p>Desde CIFAL Málaga-UNITAR, en colaboración con el Ayuntamiento de Málaga, lanzamos el primer concurso de videopodcast diseñado por y para jóvenes que creen en un mundo sin violencia. Estamos a pocos años de alcanzar la meta de la Agenda 2030 y necesitamos tu creatividad para impulsar el ODS 16: Paz, Justicia e Instituciones Sólidas.</p>
<h2><span style="color: #009bd9;"><strong>¿En qué consiste?</strong></span></h2>
<p>Buscamos piezas de <strong>videopódcast</strong> (audio + imagen) de entre <strong>3 y 6 minutos</strong> de duración. El tema central es la <strong>No Violencia</strong>: cómo aplicarla en tu día a día, en los conflictos sociales o en la convivencia entre diferentes culturas.</p>
<h2><span style="color: #009bd9;"><strong>¿Quiénes pueden participar?</strong></span></h2>
<p>Si eres estudiante de Secundaria, Bachillerato o Formación Profesional (FP) en cualquier centro de la ciudad de Málaga, ¡este concurso es para ti!</p>
<p>Puedes presentarte individualmente o en grupos de hasta cuatro participantes, ya sea por libre o representando a tu centro educativo.</p>
<h2><span style="color: #009bd9;"><strong>¿Por qué unirte?</strong></span></h2>
<ul>
<li><span style="color: #d3a349;"><strong>Impacto Social:</strong></span> Tu mensaje ayudará a sensibilizar a otros jóvenes sobre la importancia de la cultura de paz.</li>
<li><strong><span style="color: #d3a349;">Reconocimiento</span>:</strong> Los tres mejores trabajos recibirán un premio valorado en <strong>150 euros</strong> cada uno, a través de una tarjeta canjeable por material educativo, libros o artículos técnicos en establecimientos especializados, los cuales se entregarán en un evento conmemorativo a realizarse el <strong>30 de septiembre de 2026</strong>.</li>
<li><span style="color: #d3a349;"><strong>Visibilidad:</strong></span> Los vídeos seleccionados serán proyectados en un teatro de la ciudad ante expertos en educación, cultura y medios de comunicación.</li>
</ul>
<h2><span style="color: #009bd9;"><strong>Pasos para inscribirte</strong></span></h2>
<p><span style="color: #d3a349;"><strong>Consulta las reglas:</strong></span> Es fundamental que conozcas los detalles técnicos y los criterios que valorará nuestro jurado multidisciplinar.</p>
<p>Puedes consultar las Bases en este enlace: <span style="color: #009bd9;"><a style="color: #009bd9;" href="https://cifalmalaga.org/wp-content/uploads/2026/04/ConcursoVideopodcast-ConectaSinViolencia-Bases-v0.4.pdf" target="_blank" rel="noopener"><strong>Bases</strong></a></span></p>
<ol>
<li><span style="color: #d3a349;"><strong>Inscríbete:</strong> </span>Para formalizar tu participación, deberás completar uno de los siguientes formularios de Google hasta el 15 de agosto:
<ul>
<li>Enlace a las inscripciones de grupos o participantes en representación de centros educativos: <a href="https://forms.gle/ieY5UXFHG5Hv4Zuv9" target="_blank" rel="noopener">https://forms.gle/ieY5UXFHG5Hv4Zuv9</a></li>
<li>Enlace a las inscripciones de grupos o participantes por libre: <a href="https://forms.gle/NdD8tHs7qYkb6Rya8" target="_blank" rel="noopener">https://forms.gle/t2QSvWnHyBsL8V3W8</a>.<br />
<a href="https://cifalmalaga.org/wp-content/uploads/2026/04/Anexo-1.pdf" target="_blank" rel="noopener">Anexo 1</a> (autorización de padres de menores), descargar, rellenar y enviar al mail: <span style="color: #009bd9;"><strong>info@cifalmalaga.org</strong></span></li>
</ul>
</li>
<li><span style="color: #d3a349;"><strong>Prepara tu material:</strong></span> Tienes desde mayo hasta el <span style="color: #000000;"><strong>15 de septiembre de 2026 a las 23:59</strong></span> horas para enviarnos tu propuesta.</li>
<li><span style="color: #d3a349;"><strong>Envíanos tu videopódcast:</strong></span> mediante un archivo de vídeo (mp4) o un enlace de YouTube o Vimeo a la dirección de correo: <span style="color: #009bd9;"><strong>info@cifalmalaga.org</strong></span></li>
</ol>
<p><span style="color: #d3a349;"><strong>Recuerda:</strong> </span>El futuro se construye con diálogo y participación. ¡Esperamos tu propuesta para conectar sin violencia!</p>
</div></div></div></div></div>
