{"id":2885,"date":"2022-03-01T13:31:42","date_gmt":"2022-03-01T12:31:42","guid":{"rendered":"https:\/\/www.cifalmalaga.org\/?page_id=2885"},"modified":"2022-03-01T13:41:29","modified_gmt":"2022-03-01T12:41:29","slug":"introduccion-rad2citizen","status":"publish","type":"page","link":"https:\/\/cifalmalaga.org\/en\/introduccion-rad2citizen\/","title":{"rendered":"Introducci\u00f3n Rad2Citizen"},"content":{"rendered":"<h2>Qu\u00e9 es Rad2Citizen<\/h2>\n<h3><strong>Muchas ciudades europeas se enfrentan a diversas formas de violencia que pueden asociarse a diferentes tipos de radicalidad. El proyecto RAD2CITIZEN pretende prevenir estos extremismos mediante el establecimiento de una asociaci\u00f3n, dirigida por Toulouse M\u00e9tropole, con la ciudad de M\u00e1laga (Espa\u00f1a), la Universidad de Ciencias Sociales Aplicadas de Salzburgo (Austria) y el Instituto KEMEA (Grecia).<\/strong><\/h3>\n<h3><strong>CONTEXTO<br \/>\n<\/strong><\/h3>\n<p>Los actos violentos son cada vez m\u00e1s visibles, suscitan incomprensi\u00f3n, alimentan el sentimiento de inseguridad de los ciudadanos y contribuyen a la p\u00e9rdida de confianza en las autoridades y en los agentes de las pol\u00edticas p\u00fablicas. A nivel europeo y territorial, la prevenci\u00f3n de estos actos violentos es un reto. RAD2CITIZEN contribuye a responder a este desaf\u00edo a trav\u00e9s de una mejor comprensi\u00f3n de estos fen\u00f3menos y de la coproducci\u00f3n de herramientas de prevenci\u00f3n destinadas a promover el acceso de los ciudadanos a sus respectivos derechos.<\/p>\n<h3><strong>RETOS<\/strong><\/h3>\n<p>Los retos del proyecto se basan en los siguientes puntos:<\/p>\n<ul>\n<li>Detectar los extremismos violentos en el \u00e1mbito de los organismos participantes.<\/li>\n<li>Tener en cuenta la coexistencia de diferentes extremismos en los territorios afectados.<\/li>\n<li>Producir conjuntamente acciones compartidas y evaluables para promover la cohesi\u00f3n social y el acceso a los derechos de los ciudadanos en el territorio.<\/li>\n<\/ul>\n<h3><strong>OBJETIVOS<\/strong><\/h3>\n<p>Durante un periodo de dos a\u00f1os, el proyecto pretende:<\/p>\n<ul>\n<li>coordinar a los actores tanto a nivel local como europeo<\/li>\n<li>recopilar y analizar datos<\/li>\n<li>construir una cultura com\u00fan<\/li>\n<li>desarrollar sinergias entre las acciones para armonizar la respuesta p\u00fablica<\/li>\n<\/ul>\n<p>A largo plazo, la ambici\u00f3n del proyecto RAD2CITIZEN es permitir a las autoridades locales adquirir procesos de coordinaci\u00f3n y an\u00e1lisis estrat\u00e9gicos, as\u00ed como herramientas pr\u00e1cticas de intervenci\u00f3n social para aplicar pol\u00edticas p\u00fablicas participativas, concertadas y eficaces. Estos elementos ser\u00e1n luego transferibles a otras autoridades europeas que ser\u00e1n invitadas a conocer la metodolog\u00eda de an\u00e1lisis y los cursos de formaci\u00f3n desarrollados.<\/p>\n<h3><strong>RESULTADOS ESPERADOS<\/strong><\/h3>\n<ul>\n<li>Creaci\u00f3n de una Unidad de Observaci\u00f3n y Apoyo al Extremismo<\/li>\n<li>Desarrollo de herramientas para prevenir los extremismos en el \u00e1mbito de la Prevenci\u00f3n Especializada<\/li>\n<li>Desarrollo de planes de acci\u00f3n y formaci\u00f3n para dirigir la gesti\u00f3n de los flujos migratorios y los conflictos de identidad asociados<\/li>\n<\/ul>\n<p>&nbsp;<\/p>","protected":false},"excerpt":{"rendered":"<p>Qu\u00e9 es Rad2Citizen Muchas ciudades europeas se enfrentan a diversas  [&#8230;]<\/p>","protected":false},"author":2,"featured_media":0,"parent":0,"menu_order":0,"comment_status":"closed","ping_status":"closed","template":"","meta":{"footnotes":""},"class_list":["post-2885","page","type-page","status-publish","hentry"],"_links":{"self":[{"href":"https:\/\/cifalmalaga.org\/en\/wp-json\/wp\/v2\/pages\/2885","targetHints":{"allow":["GET"]}}],"collection":[{"href":"https:\/\/cifalmalaga.org\/en\/wp-json\/wp\/v2\/pages"}],"about":[{"href":"https:\/\/cifalmalaga.org\/en\/wp-json\/wp\/v2\/types\/page"}],"author":[{"embeddable":true,"href":"https:\/\/cifalmalaga.org\/en\/wp-json\/wp\/v2\/users\/2"}],"replies":[{"embeddable":true,"href":"https:\/\/cifalmalaga.org\/en\/wp-json\/wp\/v2\/comments?post=2885"}],"version-history":[{"count":2,"href":"https:\/\/cifalmalaga.org\/en\/wp-json\/wp\/v2\/pages\/2885\/revisions"}],"predecessor-version":[{"id":2888,"href":"https:\/\/cifalmalaga.org\/en\/wp-json\/wp\/v2\/pages\/2885\/revisions\/2888"}],"wp:attachment":[{"href":"https:\/\/cifalmalaga.org\/en\/wp-json\/wp\/v2\/media?parent=2885"}],"curies":[{"name":"wp","href":"https:\/\/api.w.org\/{rel}","templated":true}]}}

Introducción Rad2Citizen

<h2>Qué es Rad2Citizen</h2>
<h3><strong>Muchas ciudades europeas se enfrentan a diversas formas de violencia que pueden asociarse a diferentes tipos de radicalidad. El proyecto RAD2CITIZEN pretende prevenir estos extremismos mediante el establecimiento de una asociación, dirigida por Toulouse Métropole, con la ciudad de Málaga (España), la Universidad de Ciencias Sociales Aplicadas de Salzburgo (Austria) y el Instituto KEMEA (Grecia).</strong></h3>
<h3><strong>CONTEXTO<br />
</strong></h3>
<p>Los actos violentos son cada vez más visibles, suscitan incomprensión, alimentan el sentimiento de inseguridad de los ciudadanos y contribuyen a la pérdida de confianza en las autoridades y en los agentes de las políticas públicas. A nivel europeo y territorial, la prevención de estos actos violentos es un reto. RAD2CITIZEN contribuye a responder a este desafío a través de una mejor comprensión de estos fenómenos y de la coproducción de herramientas de prevención destinadas a promover el acceso de los ciudadanos a sus respectivos derechos.</p>
<h3><strong>RETOS</strong></h3>
<p>Los retos del proyecto se basan en los siguientes puntos:</p>
<ul>
<li>Detectar los extremismos violentos en el ámbito de los organismos participantes.</li>
<li>Tener en cuenta la coexistencia de diferentes extremismos en los territorios afectados.</li>
<li>Producir conjuntamente acciones compartidas y evaluables para promover la cohesión social y el acceso a los derechos de los ciudadanos en el territorio.</li>
</ul>
<h3><strong>OBJETIVOS</strong></h3>
<p>Durante un periodo de dos años, el proyecto pretende:</p>
<ul>
<li>coordinar a los actores tanto a nivel local como europeo</li>
<li>recopilar y analizar datos</li>
<li>construir una cultura común</li>
<li>desarrollar sinergias entre las acciones para armonizar la respuesta pública</li>
</ul>
<p>A largo plazo, la ambición del proyecto RAD2CITIZEN es permitir a las autoridades locales adquirir procesos de coordinación y análisis estratégicos, así como herramientas prácticas de intervención social para aplicar políticas públicas participativas, concertadas y eficaces. Estos elementos serán luego transferibles a otras autoridades europeas que serán invitadas a conocer la metodología de análisis y los cursos de formación desarrollados.</p>
<h3><strong>RESULTADOS ESPERADOS</strong></h3>
<ul>
<li>Creación de una Unidad de Observación y Apoyo al Extremismo</li>
<li>Desarrollo de herramientas para prevenir los extremismos en el ámbito de la Prevención Especializada</li>
<li>Desarrollo de planes de acción y formación para dirigir la gestión de los flujos migratorios y los conflictos de identidad asociados</li>
</ul>
<p>&nbsp;</p>

<p>Qué es Rad2Citizen Muchas ciudades europeas se enfrentan a diversas  [&#8230;]</p>
